{"id":2,"date":"2018-12-01T18:58:23","date_gmt":"2018-12-01T18:58:23","guid":{"rendered":"http:\/\/51.77.146.78\/?page_id=2"},"modified":"2019-01-25T20:02:42","modified_gmt":"2019-01-25T20:02:42","slug":"sample-page","status":"publish","type":"page","link":"http:\/\/vps359886.ovh.net\/index.php\/sample-page\/","title":{"rendered":"Presentaci\u00f3n"},"content":{"rendered":"<p>Este es un blog personal de Carlos P. Olivares y nace con la intenci\u00f3n de difundir la literatura de terror, fundamentalmente el cuento.<\/p>\r\n<blockquote>\r\n<p>Este Blog no tiene ning\u00fan \u00e1nimo de lucro<\/p>\r\n<\/blockquote>\r\n<p>En caso de cualquier cuesti\u00f3n que pueda plantearse sobre el contenido de este blog, puede contactar conmigo en:<\/p>\r\n<blockquote>\r\n<p>ultimo_refugio@hotmail.com<\/p>\r\n<\/blockquote>\r\n<p>\u00a1Felices pesadillas!<\/p>\r\n\r\n<p>&nbsp;<\/p>\r\n","protected":false},"excerpt":{"rendered":"<p>Este es un blog personal de Carlos P. Olivares y nace con la intenci\u00f3n de difundir la literatura de terror, fundamentalmente el cuento. Este Blog no tiene ning\u00fan \u00e1nimo de lucro En caso de cualquier cuesti\u00f3n que pueda plantearse sobre el contenido de este blog, puede contactar conmigo en: ultimo_refugio@hotmail.com \u00a1Felices pesadillas! &nbsp;<\/p>\n","protected":false},"author":1,"featured_media":37,"parent":0,"menu_order":0,"comment_status":"closed","ping_status":"open","template":"","meta":{"footnotes":""},"_links":{"self":[{"href":"http:\/\/vps359886.ovh.net\/index.php\/wp-json\/wp\/v2\/pages\/2"}],"collection":[{"href":"http:\/\/vps359886.ovh.net\/index.php\/wp-json\/wp\/v2\/pages"}],"about":[{"href":"http:\/\/vps359886.ovh.net\/index.php\/wp-json\/wp\/v2\/types\/page"}],"author":[{"embeddable":true,"href":"http:\/\/vps359886.ovh.net\/index.php\/wp-json\/wp\/v2\/users\/1"}],"replies":[{"embeddable":true,"href":"http:\/\/vps359886.ovh.net\/index.php\/wp-json\/wp\/v2\/comments?post=2"}],"version-history":[{"count":5,"href":"http:\/\/vps359886.ovh.net\/index.php\/wp-json\/wp\/v2\/pages\/2\/revisions"}],"predecessor-version":[{"id":585,"href":"http:\/\/vps359886.ovh.net\/index.php\/wp-json\/wp\/v2\/pages\/2\/revisions\/585"}],"wp:featuredmedia":[{"embeddable":true,"href":"http:\/\/vps359886.ovh.net\/index.php\/wp-json\/wp\/v2\/media\/37"}],"wp:attachment":[{"href":"http:\/\/vps359886.ovh.net\/index.php\/wp-json\/wp\/v2\/media?parent=2"}],"curies":[{"name":"wp","href":"https:\/\/api.w.org\/{rel}","templated":true}]}}